. Suppose j = -g*s + 691. What is the hundreds digit of s?
2
Let d = -329 + 326. What is the units digit of (9/6)/(d + 5082/1692)?
3
Suppose 2*b - 2 = -3*z + 11, -4*z + 22 = -2*b. Let v be -159*4/(-16) + z/20. Suppose -4*o = o - v. What is the units digit of o?
8
Let z be ((-48)/60)/((-2)/5). Let h(y) = 4 + 2*y + 3*y**2 + 6 - z*y**2 + 0*y**2. What is the units digit of h(12)?
8
Let q = 6804 + -5836. What is the hundreds digit of q?
9
Let p be -5 + 5/((-35)/16373). What is the tens digit of ((-2)/(-7))/1 - p/28?
8
Let t(u) = 8*u**3 - 40*u**2 + 16*u - 143. Let h(g) = 11*g**3 - 60*g**2 + 24*g - 214. Let s(f) = -5*h(f) + 7*t(f). What is the hundreds digit of s(-20)?
2
Let x be ((-6)/15)/(6/(-60)). Let m be (10*-12)/4 + x. Let d = -7 - m. What is the tens digit of d?
1
Suppose -16*a - 24 + 8 = 0. What is the tens digit of (262/6)/(a/(-3))?
3
Let a = -19 - -24. Suppose r - 37 = -4*c + 49, -305 = -5*r + a*c. What is the units digit of r?
6
Let k(z) = 2*z - 11. Let x be k(7). Let r(l) = 13*l**2 + 6*l - 7. Let v be r(x). Let s = -81 + v. What is the units digit of s?
7
Let k(m) = -2*m**3 - 4*m**2 + 97*m - 46. What is the thousands digit of k(-19)?
0
Suppose -4*o + 15928 = 4*u, -471*u = -4*o - 466*u + 15892. What is the units digit of o?
8
Suppose 67*v - 1183 = 157. Suppose -2139 = -v*d + 2761. What is the units digit of d?
5
Let d(y) = -10 - 31*y + 7*y - 23*y. Let c(s) = 93*s + 19. Let m(x) = -6*c(x) - 11*d(x). What is the units digit of m(-1)?
7
Let f = -10 + 16. Suppose 5*r - 2666 = 13*k - 12*k, -r + 3*k + 522 = 0. Suppose h - 5 = f*h, 0 = 3*d + 3*h - r. What is the hundreds digit of d?
1
Suppose -y - 17*v = -13*v + 6, -50 = -3*y + 5*v. What is the units digit of ((-1)/y*-2116)/((-12)/(-30))?
9
Suppose 3*f = -4*u - 150, 3*u + 3*f = -0*u - 114. Let d = u - -38. What is the units digit of 37 - (0 - d) - 5?
4
Let g = -18791 + 50929. What is the tens digit of g?
3
Suppose 0 = 5*l - n - 28450 - 11371, l - 4*n = 7987. What is the thousands digit of l?
7
Let b = -13731 + 27333. What is the ten thousands digit of b?
1
Let b be 1/(6/9)*2. Let u be (55/(-20))/(3*b/36). Let x(y) = y**2 + 3*y - 12. What is the units digit of x(u)?
6
Let o(n) = -6*n**2 - 8*n - 16. Let a be o(-7). Let f = a - -367. What is the units digit of f?
3
Suppose -19*g = 10*g - 580. Let m(t) = 76*t - 287. What is the tens digit of m(g)?
3
Suppose -1150 = -3*a + 29*i - 30*i, -a + 4*i = -366. Let l = 646 - a. What is the units digit of l?
4
Suppose 0 = -2*k + 7 - 1. Suppose 4*t = -4*v - 24, 27 = -5*t - 4*v - k. What is the units digit of (-1 - (-1 - 2/t))*-27?
9
Suppose 826 = 5*j - 3*x, -3*j + 2*x + 98 + 397 = 0. Suppose -199 - j = -i + 4*n, 3*i = n + 1065. What is the tens digit of i?
5
Suppose 4 = -2*p + 5*v, 1 = -2*p + p + 2*v. Suppose 0 = -p*y + 4*k + 40, 35 = y + 3*k + 13. What is the tens digit of y?
1
Let i(l) = -4*l + 32. Let q(p) = p + 31. Let k be q(-23). Let g be i(k). Suppose g = -s - 4*s + 610. What is the units digit of s?
2
What is the hundreds digit of ((-429908)/93 + -24)/((-3)/(54/4))?
9
Let s(q) = -q**3 + 5*q**2 - q + 9. Let z be s(5). Suppose -z*h + 278 = -138. Let l = h + -1. What is the units digit of l?
3
Suppose -258*j - 7 = -259*j, 3*j = 5*a - 20779. What is the tens digit of a?
6
Suppose -2*b - 3*d - 43 = -0*d, -17 = 3*b - 5*d. What is the units digit of b*(-1 + 6 + -21)?
4
Let i(j) = j**3 - 4*j**2 - 15*j + 33. Let r = 125 + -118. What is the units digit of i(r)?
5
Suppose 5*f - 12648 = 3*g, -19*f - g + 7586 = -16*f. What is the tens digit of f?
2
Suppose 0 = -5*o - 5*h + 38385, -4*o + 30705 = -0*h + 3*h. What is the tens digit of o?
7
Let w(p) = -p**2 + 9*p - 14. Let l be w(7). Suppose 0 = -c - l*c - 30. Let h = c - -51. What is the tens digit of h?
2
Suppose -2*g + 103136 = -2*y - y, -3*g = -5*y - 154706. What is the thousands digit of g?
1
Let b be (6/(-24)*6)/(15/(-580)). Suppose b*f - 53316 = 16748. What is the tens digit of f?
0
Suppose 45*s = 49*s - 5160. Suppose -4*y + s = y. What is the units digit of y?
8
Let z = 66 - 80. Let g be 175*2/4*(-48)/z. Suppose 0 = -13*l + 10*l + g. What is the tens digit of l?
0
Let w(c) = -27*c**3 - c**2 - c - 1. Suppose 14 = v + 2*o, -5*v + 0*o + 4*o + 28 = 0. Let a be 7/(-2)*v/14. What is the units digit of w(a)?
3
Let s(b) = 9*b**3 - 9*b. Let f be s(3). Suppose -213*z = -f*z + 1353. What is the hundreds digit of z?
4
What is the hundreds digit of 2/((14/(-42))/(42062/(-12)))?
0
Let x = 13001 + -7618. Let d = x - 3677. What is the tens digit of d?
0
Let i(g) = 19*g**3 + 46 - 20*g**3 + 13*g**2 + 26*g - 40*g. What is the tens digit of i(9)?
4
Let n be (-46)/4*350/(-21)*3. What is the hundreds digit of n - ((-20)/5)/(-2)?
5
Suppose -4*u = -3*o + 578, 2*u + 196 = 3*o - 2*o. Let g = 265 - o. What is the tens digit of g?
7
Let m be ((-6)/(-4))/((-91)/(-1638)). Suppose 48928 = m*d + 17*d. What is the tens digit of d?
1
Let p = 3520 + 5907. What is the units digit of p?
7
Suppose 0 = -5*i, m = 3*m + 5*i - 6. Suppose -m*g - f + 2617 = 0, -753 = 2*g - f - 2501. What is the units digit of g?
3
What is the tens digit of (-76021 - (-6 + (16 - 5)))*(-4)/8?
1
What is the tens digit of (-1078)/264*-9686 + (-15)/(-18)?
5
Let d(n) = -428*n + 4061. What is the units digit of d(-8)?
5
Let r(x) = -1 + 3*x**2 - 2*x**2 - 18 - 2. Let q be r(5). Suppose 0 = 2*a, -q*a - 85 = -5*n - 3*a. What is the tens digit of n?
1
Let t be 34 - (0 - (-8 - -6) - -3). Suppose -t = -h + 1280. What is the units digit of h?
9
Suppose 9*p - 106062 = 25311. What is the hundreds digit of p?
5
Suppose 4 = -6*v + 10. What is the tens digit of 3/(v/(-2)*12/(-282))?
4
Let m(h) = -h + 3. Let s be m(0). Suppose q + 31 + 253 = s*o, q - 292 = -3*o. What is the units digit of o/(-6)*(-9)/4?
6
Let c = 132208 - 93344. What is the units digit of c?
4
Let s(f) = -148*f + 4. Let q be s(-2). Suppose 3 + 7 = 2*k + n, 0 = 3*k + 3*n - 9. Suppose 2*a - k*a = -q. What is the units digit of a?
0
Let i be (1*-13)/(-7 + (-720)/(-104)). Let o = 465 - i. What is the hundreds digit of o?
2
Suppose 88*t - 806248 = 80176. What is the ten thousands digit of t?
1
Let j = -171 - -195. Let i(w) = -w**2 + 20*w + 170. What is the units digit of i(j)?
4
Let q(k) = 54*k**2 + 5*k + 12. Let d be q(6). What is the hundreds digit of (-16)/6*(-2 - d/24)?
2
Suppose -2*k - 174 = -4*v, -7*v + 2*v = 4*k - 198. Let c = v + -45. What is the units digit of ((-3)/6*-42)/(c/(-10))?
0
Let j = 601 - 601. Suppose j = -o + 106 + 153. What is the tens digit of o?
5
Let u(i) = -3*i + 56. Let y be u(18). What is the units digit of (y + 307)/((-18)/(-12))?
6
Suppose -18*l = -22*l - 2*w - 950, l + 3*w + 235 = 0. Suppose 2*p - 4*o = -262, p = -3*p - 5*o - 550. Let q = p - l. What is the hundreds digit of q?
1
Suppose -9*t = -15*t + 12. Suppose -140 = -t*n + 398. What is the units digit of n?
9
Let t = -877 - -1233. Let g = t - 26. What is the hundreds digit of g?
3
Let h = 1518 - 116. Suppose -5*m = -t - 2795, 853 + h = 4*m + 3*t. What is the hundreds digit of m?
5
Suppose 5*k = -5*q + 24890, 3*k - 16*q - 14918 = -15*q. What is the units digit of k?
4
Let h = 13 + -11. Let g(z) = 10*z + 222. Let r be g(-19). Suppose -2*u + 401 = -3*v + r, -u + h*v = -184. What is the hundreds digit of u?
1
Let s be (4/(-10))/(-1*9/225). Suppose 0 = 14*w - s*w - 1492. What is the hundreds digit of w?
3
Let k(y) = 22*y**3 + 31 + 6*y + 21*y**2 + y**2 - 23*y**3 + 4*y - 6*y**2. What is the tens digit of k(-5)?
0
Suppose 81*x - 3120 = 73*x. Let s be 6/((-4)/2) - 256. Let u = s + x. What is the tens digit of u?
3
Let z(q) = -3*q**2 - 2*q + 86. Let g be z(0). Suppose -17*p = -460 + g. What is the units digit of p?
2
Let h = -846 + 550. Let r = -149 - h. What is the units digit of r?
7
Let y(f) = 8*f**2 + 126*f - 211. What is the tens digit of y(42)?
9
Let y = -6345 + 8605. What is the units digit of y?
0
Let n = 286777 - 195303. What is the hundreds digit of n?
4
Let l be 1*2 + -13 + 22. Suppose 0 = -15*u + l*u - 12. What is the units digit of ((-26)/u)/(1/9)?
8
Suppose -269*k = -102*k - 4023364. What is the thousands digit of k?
4
Suppose -4*b - 1162*i + 217364 = -1158*i, 0 = -b + 3*i + 54353. What is the thousands digit of b?
4
Suppose 2*d - 3 = 5. Suppose 14 - 44 = -10*h. Suppose p + d*t = 4*p - 140, -5*p - h*t = -214. What is the units digit of p